{"id":284,"date":"2025-10-23T12:20:54","date_gmt":"2025-10-23T10:20:54","guid":{"rendered":"https:\/\/openingenius.com\/?post_type=proyecto&#038;p=284"},"modified":"2026-02-19T09:15:07","modified_gmt":"2026-02-19T08:15:07","slug":"hospital-cognitivo","status":"publish","type":"proyecto","link":"https:\/\/openingenius.com\/en\/proyecto\/hospital-cognitivo\/","title":{"rendered":"HOSPITAL COGNITIVO"},"content":{"rendered":"<p><img loading=\"lazy\" decoding=\"async\" class=\"alignnone  wp-image-617\" src=\"https:\/\/openingenius.com\/wp-content\/uploads\/2025\/10\/logo_HC-300x118.png\" alt=\"\" width=\"242\" height=\"95\" srcset=\"https:\/\/openingenius.com\/wp-content\/uploads\/2025\/10\/logo_HC-300x118.png 300w, https:\/\/openingenius.com\/wp-content\/uploads\/2025\/10\/logo_HC-18x7.png 18w, https:\/\/openingenius.com\/wp-content\/uploads\/2025\/10\/logo_HC.png 447w\" sizes=\"auto, (max-width: 242px) 100vw, 242px\" \/><\/p>\n<p>&nbsp;<\/p>\n<div class=\"rah-static rah-static--height-auto\" aria-hidden=\"false\">\n<div>\n<div class=\"defaultBlock-3WQYo\">\n<div class=\"contentRect-aVg9o copyableElem-3MDgL fontCopyableElemTab-2p2c_\" tabindex=\"0\" data-auto=\"contentRect\" data-copytype=\"Contenido\" data-logtype=\"content\" data-fontinfo=\"Open Sans\">\n<p>Investigaciones acerca del uso de realidades virtuales, para en base a la informaci\u00f3n proporcionada por el gemelo digital del edificio y sus instalaciones, configurar una visualizaci\u00f3n inmersiva y precisa para la formaci\u00f3n del plan de emergencia del edificio (provocados por un incendio) y preparaci\u00f3n de trabajos de mantenimiento.<\/p>\n<p>El proyecto COGNITIVE HOSPITAL \u201c<b>Investigaci\u00f3n y desarrollo de tecnolog\u00edas para la gesti\u00f3n y mantenimiento de un hospital inteligente<\/b>\u201d con n\u00famero de expediente 59\/178676.9\/23 ha sido subvencionado a trav\u00e9s de la Convocatoria 2023 de las ayudas para contribuir a la mejora de la Cooperaci\u00f3n P\u00fablico \u2013 Privada en materia de I+D+i mediante proyectos de efecto tractor en consorcio<b>, cofinanciadas por el Fondo Europeo de Desarrollo Regional dentro del Programa Operativo FEDER de la Comunidad de Madrid para el periodo 2021-2027.<\/b><\/p>\n<p><\/p>\n<p data-auto=\"textContent\">\u00a0<\/p>\n<\/div>\n<\/div>\n<\/div>\n<\/div>\n\r\n<p><img loading=\"lazy\" decoding=\"async\" class=\"alignnone  wp-image-630\" src=\"https:\/\/openingenius.com\/wp-content\/uploads\/2025\/11\/logos-cm-union-europea-300x49.png\" alt=\"\" width=\"624\" height=\"102\" srcset=\"https:\/\/openingenius.com\/wp-content\/uploads\/2025\/11\/logos-cm-union-europea-300x49.png 300w, https:\/\/openingenius.com\/wp-content\/uploads\/2025\/11\/logos-cm-union-europea-768x125.png 768w, https:\/\/openingenius.com\/wp-content\/uploads\/2025\/11\/logos-cm-union-europea-18x3.png 18w, https:\/\/openingenius.com\/wp-content\/uploads\/2025\/11\/logos-cm-union-europea.png 861w\" sizes=\"auto, (max-width: 624px) 100vw, 624px\" \/><\/p>\r\n<div id=\"simple-translate\" class=\"simple-translate-system-theme\">\r\n<div>\r\n<div class=\"simple-translate-button isShow\" style=\"background-image: url('moz-extension:\/\/b8fc9d1b-dad3-4965-8f44-3bb55ca3cb96\/icons\/512.png'); height: 22px; width: 22px; top: 212px; left: -36px;\">\u00a0<\/div>\r\n<div class=\"simple-translate-panel\" style=\"width: 300px; height: 200px; top: 0px; left: 0px; font-size: 13px;\">\r\n<div class=\"simple-translate-result-wrapper\" style=\"overflow: hidden;\">\r\n<div class=\"simple-translate-move\" draggable=\"true\">\u00a0<\/div>\r\n<div class=\"simple-translate-result-contents\">\r\n<p class=\"simple-translate-result\" dir=\"auto\">\u00a0<\/p>\r\n<p class=\"simple-translate-candidate\" dir=\"auto\">\u00a0<\/p>\r\n<\/div>\r\n<\/div>\r\n<\/div>\r\n<\/div>\r\n<\/div>","protected":false},"excerpt":{"rendered":"<p>Investigaciones acerca del uso de realidades virtuales, para en base a la informaci\u00f3n proporcionada por el gemelo digital del edificio y sus instalaciones, configurar una visualizaci\u00f3n inmersiva y precisa para la formaci\u00f3n del plan de emergencia del edificio (provocados por un incendio) y preparaci\u00f3n de trabajos de mantenimiento.<\/p>","protected":false},"featured_media":581,"template":"single-proyecto","meta":{"inline_featured_image":false},"categories":[33],"tags":[],"class_list":["post-284","proyecto","type-proyecto","status-publish","has-post-thumbnail","hentry","category-hospital-cognitivo"],"_links":{"self":[{"href":"https:\/\/openingenius.com\/en\/wp-json\/wp\/v2\/proyecto\/284","targetHints":{"allow":["GET"]}}],"collection":[{"href":"https:\/\/openingenius.com\/en\/wp-json\/wp\/v2\/proyecto"}],"about":[{"href":"https:\/\/openingenius.com\/en\/wp-json\/wp\/v2\/types\/proyecto"}],"wp:featuredmedia":[{"embeddable":true,"href":"https:\/\/openingenius.com\/en\/wp-json\/wp\/v2\/media\/581"}],"wp:attachment":[{"href":"https:\/\/openingenius.com\/en\/wp-json\/wp\/v2\/media?parent=284"}],"wp:term":[{"taxonomy":"category","embeddable":true,"href":"https:\/\/openingenius.com\/en\/wp-json\/wp\/v2\/categories?post=284"},{"taxonomy":"post_tag","embeddable":true,"href":"https:\/\/openingenius.com\/en\/wp-json\/wp\/v2\/tags?post=284"}],"curies":[{"name":"wp","href":"https:\/\/api.w.org\/{rel}","templated":true}]}}

<p><img loading="lazy" decoding="async" class="alignnone  wp-image-617" src="https://openingenius.com/wp-content/uploads/2025/10/logo_HC-300x118.png" alt="" width="242" height="95" srcset="https://openingenius.com/wp-content/uploads/2025/10/logo_HC-300x118.png 300w, https://openingenius.com/wp-content/uploads/2025/10/logo_HC-18x7.png 18w, https://openingenius.com/wp-content/uploads/2025/10/logo_HC.png 447w" sizes="auto, (max-width: 242px) 100vw, 242px" /></p>
<p>&nbsp;</p>
<div class="rah-static rah-static--height-auto" aria-hidden="false">
<div>
<div class="defaultBlock-3WQYo">
<div class="contentRect-aVg9o copyableElem-3MDgL fontCopyableElemTab-2p2c_" tabindex="0" data-auto="contentRect" data-copytype="Contenido" data-logtype="content" data-fontinfo="Open Sans">
<p>Investigaciones acerca del uso de realidades virtuales, para en base a la información proporcionada por el gemelo digital del edificio y sus instalaciones, configurar una visualización inmersiva y precisa para la formación del plan de emergencia del edificio (provocados por un incendio) y preparación de trabajos de mantenimiento.</p>
<p>El proyecto COGNITIVE HOSPITAL “<b>Investigación y desarrollo de tecnologías para la gestión y mantenimiento de un hospital inteligente</b>” con número de expediente 59/178676.9/23 ha sido subvencionado a través de la Convocatoria 2023 de las ayudas para contribuir a la mejora de la Cooperación Público – Privada en materia de I+D+i mediante proyectos de efecto tractor en consorcio<b>, cofinanciadas por el Fondo Europeo de Desarrollo Regional dentro del Programa Operativo FEDER de la Comunidad de Madrid para el periodo 2021-2027.</b></p>
<p></p>
<p data-auto="textContent"> </p>
</div>
</div>
</div>
</div>

<p><img loading="lazy" decoding="async" class="alignnone  wp-image-630" src="https://openingenius.com/wp-content/uploads/2025/11/logos-cm-union-europea-300x49.png" alt="" width="624" height="102" srcset="https://openingenius.com/wp-content/uploads/2025/11/logos-cm-union-europea-300x49.png 300w, https://openingenius.com/wp-content/uploads/2025/11/logos-cm-union-europea-768x125.png 768w, https://openingenius.com/wp-content/uploads/2025/11/logos-cm-union-europea-18x3.png 18w, https://openingenius.com/wp-content/uploads/2025/11/logos-cm-union-europea.png 861w" sizes="auto, (max-width: 624px) 100vw, 624px" /></p>
<div id="simple-translate" class="simple-translate-system-theme">
<div>
<div class="simple-translate-button isShow" style="background-image: url('moz-extension://b8fc9d1b-dad3-4965-8f44-3bb55ca3cb96/icons/512.png'); height: 22px; width: 22px; top: 212px; left: -36px;"> </div>
<div class="simple-translate-panel" style="width: 300px; height: 200px; top: 0px; left: 0px; font-size: 13px;">
<div class="simple-translate-result-wrapper" style="overflow: hidden;">
<div class="simple-translate-move" draggable="true"> </div>
<div class="simple-translate-result-contents">
<p class="simple-translate-result" dir="auto"> </p>
<p class="simple-translate-candidate" dir="auto"> </p>
</div>
</div>
</div>
</div>
</div>

<p>Investigaciones acerca del uso de realidades virtuales, para en base a la información proporcionada por el gemelo digital del edificio y sus instalaciones, configurar una visualización inmersiva y precisa para la formación del plan de emergencia del edificio (provocados por un incendio) y preparación de trabajos de mantenimiento.</p>
